Suppose 2*k + v = 4. Let s(i) = i**2 - 3*i. Determine s(k).
-2
Let n(v) = -5*v - 2. Let m(c) = -14*c - 7. Let w(r) = -3*m(r) + 8*n(r). Let j = 25 - 29. Calculate w(j).
-3
Let l = -16 - -11. Let i(b) = -9*b**2 - 8*b + 2. Let k(f) = 4*f**2 + 4*f - 1. Let y(z) = 4*z - 1. Let c be y(2). Let r(s) = c*k(s) + 3*i(s). Calculate r(l).
4
Let c(q) be the first derivative of -q**3/3 + q**2 + 6. Calculate c(4).
-8
Let v(c) be the first derivative of 1/3*c**3 - 1/20*c**5 + 2 + 1/120*c**6 + c**2 + 1/24*c**4 + 0*c. Let n(u) be the second derivative of v(u). Calculate n(2).
0
Let p be 20/(-30)*(-9)/2. Suppose 5 - p = -f. Let d(c) = -3*c**2 - 4*c - 2. Calculate d(f).
-6
Let z(q) = -4*q + 0 + 0*q - 7 + q. Give z(-6).
11
Suppose 2*j - 12 = -4*i, -2*j - 5*i = 3*j - 20. Let q(n) = 0 - n + 1 - j. Determine q(3).
-4
Let y(o) = 2*o**2 + 1. Let z = -12 + 14. Determine y(z).
9
Let g be ((-24)/(-20))/((-2)/(-5)). Let n(y) = -g - y - 3*y - 3*y - y**2 + 2. Calculate n(-5).
9
Let n(y) = -2*y**3 + 7*y**2 - 7*y + 1. Let j(o) = o**3 - o**2. Let b(h) = -3*j(h) - n(h). Give b(-5).
-11
Let u be ((-8)/5)/(26/(-65)). Let x(r) = -3*r - 5. Let b(f) = f + 1. Let o(g) = u*b(g) + x(g). Determine o(-5).
-6
Let k(z) = -2*z + 4*z + 6 - 2 - z. Suppose -5*t = -s + 5 - 1, -s + 4 = -2*t. Let b be k(t). Let c(u) = -u**3 + 5*u**2 - 4*u + 4. Give c(b).
4
Let p(k) = -5*k**2 - 4*k - 3. Let f(i) = i**2. Let y(t) = -4*f(t) - p(t). Let q be ((-5)/5)/(4/20). Determine y(q).
8
Let r(h) = h**3 + 2*h**2 - 2*h - 1. Let k(i) = -2*i**3 - 3*i**2 + 3*i + 2. Let u(m) = -3*k(m) - 5*r(m). Let d be (-2)/12 - (-26)/12. Determine u(d).
5
Let y(f) = f**2 + 3*f - 3. Suppose -5*g = -2 + 17. What is y(g)?
-3
Let j(v) = 6*v**2 - 12*v + 9. Let l(q) = -7*q**2 + 13*q - 10. Let d(u) = -6*j(u) - 5*l(u). Let g(k) = 4*k**3 + 2*k**2 - k. Let w be g(1). What is d(w)?
6
Let m be (-2)/(((-24)/(-9))/(-4)). Let c(f) = f + 1 - f**m - 2*f + f**2 - 6*f + 5*f**2. Let p = -8 - -13. What is c(p)?
-9
Let f = -3 + 4. Let a be f - 5 - 14/(-7). Let g(y) be the second derivative of -y**3/6 - y**2 - y. What is g(a)?
0
Let h(n) = 5*n. Let w(l) = 4*l. Let m(i) = -3*h(i) + 4*w(i). Let s be (-2)/(-3)*27/(-18). What is m(s)?
-1
Suppose 41 = 3*h - h + 5*y, -5*h + 3*y = -25. Suppose 0 = -4*w - h. Let i(n) = -2*n**2 - 3*n. Calculate i(w).
-2
Let y(d) = 6*d + 76. Let k be y(-11). Let a(w) = -w**3 + 10*w**2 + w - 10. Calculate a(k).
0
Let o(x) = x**2 - 2*x + 2. Let a(f) = f**2 - f + 3. Let u be a(0). Let d(w) = -4*w + u*w - 7 + 0*w. Let i be d(-9). What is o(i)?
2
Let g be -1 + -5*-1*1. Let p(r) be the first derivative of 1/2*r**2 - 5 - r. Determine p(g).
3
Let g = -403 - -409. Let u(s) be the first derivative of s**4/4 - 5*s**3/3 - 3*s**2/2 - 6*s + 1. Give u(g).
12
Let j(g) = g + 4. Let v be j(4). Let m be (-5 - -1)*(-10)/v. Let d(h) = -3*h + 7. Calculate d(m).
-8
Let g(z) = -3*z**2 - 137 + z + 135 + 4*z**2. Calculate g(3).
10
Let v(d) = 2*d**2 + d. Let u be -4 - -7 - (1 + 3). Calculate v(u).
1
Suppose 2*y = 3*a + 4, 3*y + a = 6*y + 1. Let i(v) = -12*v**3 - v**2 + v + 1. Give i(y).
11
Suppose 0 = -3*w + 77 + 61. Let p(z) = 42*z**2 + 3 + 3*z - z**3 + 1 - w*z**2. Calculate p(-5).
14
Let k(z) be the first derivative of z**3/3 - 3*z**2 + z + 2. Determine k(6).
1
Let r(q) = -2*q**3 + 4*q**2 + q - 1. Let t be (10 + -7)/(2/2). Calculate r(t).
-16
Let d(t) be the first derivative of -t**7/140 + t**6/360 - t**5/120 + t**3/3 + 1. Let i(k) be the third derivative of d(k). Give i(1).
-6
Let o be (-2 + 3)/2*4. Let d(w) = -2*w + 3. Calculate d(o).
-1
Let g(j) = j**2 - 2*j. Let d(m) = -m**3 + 3*m**2 + 4. Let w be d(3). Give g(w).
8
Let n(m) = 11*m**2 - 2*m + 2. Let s(k) = -7*k**2 + k - 1. Let v(b) = -5*n(b) - 8*s(b). Give v(-4).
6
Let i(z) = 6*z**2 + 5*z + 2. Let d(r) = -5*r**2 - 6*r - 2. Let q(x) = -3*d(x) - 4*i(x). What is q(-1)?
-9
Let c(o) = o - 2. Suppose -4*i + 4 + 3 = -3*l, 3*i = -5*l - 31. Calculate c(l).
-7
Let h(x) = -2 - 2*x + 0 - x**3 + 0*x**3. Let r be 8/(-6)*30/20. Give h(r).
10
Let v be (-3)/2*(7 + -5). Let b = 8 + v. Let a(q) = -q**2 + 7*q - 4. What is a(b)?
6
Let a = -2 - -4. Suppose -z = 3*w + 14, 3*w + 0*w = a*z - 17. Let u(j) = -4*j + 7. Let x(o) = -11*o + 20. Let r(h) = 17*u(h) - 6*x(h). Determine r(z).
-3
Let l(i) be the third derivative of -i**5/60 - 7*i**4/24 + 13*i**2. What is l(-7)?
0
Let x(h) = -h**2 - 7*h - 4. Suppose -5*q - 2*s = -39, 0*q - 2*q + 3*s + 8 = 0. Suppose -3*g - 8 = q. Determine x(g).
6
Let u(n) = -n**2 + 4*n + 7. Let o(z) = z**2 + 2*z - 3. Let g be o(-4). Determine u(g).
2
Let b(n) = -n**2 - 10*n - 5. Let l = 99 + -108. What is b(l)?
4
Let c(v) = v**2 - v + 1. Let s be c(2). Let p(i) = 6*i + 6 + 3*i**3 + 5*i**2 - 5*i**s + 0*i + 3*i**3. Determine p(-4).
-2
Let u(m) = -m**3 - 7*m**2 - 7*m. Let t = -21 - -15. Determine u(t).
6
Suppose -2*p - 2*g - 5 = -p, 2 = -2*g. Let o = 1 + p. Let a(i) = -3*i**2 - 22*i - 4. Let q(d) = -3*d**2 - 26*d - 5. Let y(m) = 6*a(m) - 5*q(m). Calculate y(o).
-7
Let o(b) = -b - 4. Let w = -27 + 22. Determine o(w).
1
Suppose 2 = 2*s - 2. Let j(b) = -3 + 2 + s + 2*b - 3*b. Determine j(-6).
7
Let c(a) = a - 12. Let w = -14 - -22. Let o = 13 - w. Determine c(o).
-7
Let j(l) = -3*l**3 + l**2 + 3*l - 3. Let m(w) = -2*w**3 + 2*w**2 + 3*w - 2. Let v(d) = 3*j(d) - 4*m(d). Suppose q - 2*p + 10 = 4, -3*p - 1 = q. Calculate v(q).
-5
Let n(v) be the first derivative of -3 - v + 2/3*v**3 + 1/2*v**2. What is n(2)?
9
Let o(t) = -t**3 + 3*t - 1. Let g(v) be the third derivative of -v**5/60 - v**4/4 + 3*v**3/2 + 2*v**2. Let w be g(-7). Give o(w).
-3
Let k(s) = -2*s**3 - 6*s**2 - 5*s - 9. Let a(i) = -i**3 - 3*i**2 - 2*i - 4. Let n(p) = 9*a(p) - 4*k(p). Determine n(-4).
8
Let p be (4/(-5))/(2/(-5)). Let a(h) = p - h + 2*h + 5. Calculate a(-6).
1
Let i(w) = 2*w**2 - 3*w + 1. Let t(h) = -h + 1. Let c be t(3). Let y be (0*2/(-4))/(-2). Let v = y - c. Calculate i(v).
3
Let j(z) = -z**2 - z + 5. Let q(o) = o**2 - 3*o + 2. Let v be q(2). What is j(v)?
5
Suppose -z = 2*d + 11, -17*z + 30 = -3*d - 14*z. Let o(w) = w**3 + 6*w**2 - 9*w - 5. Give o(d).
9
Let n(l) = -l**2 + 6*l - 5. Let c be n(4). Let a(b) = -2*b**2 + b**2 - c*b - b - 1. Let w = -4 + 1. What is a(w)?
2
Let o(j) = j**3 + 6*j**2 - 9*j - 3. Suppose 0 = 4*a + 4*z + 32, -34 = 2*a + 3*a - z. Calculate o(a).
11
Let n(s) = s**3 + 10*s**2 - 8*s - 6. Let v(c) = 2*c**3 + 19*c**2 - 15*c - 12. Let z(d) = -11*n(d) + 6*v(d). Determine z(-4).
2
Let g(j) = -j - 1. Let u(w) = -4*w - 1 + 0*w - 5. Let k be u(-4). Suppose a + 6 = k. What is g(a)?
-5
Let h(c) = c**3 - 2*c**2 - 7*c + 4. Let x(w) = -w**2 + 1. Let z(q) = h(q) - 6*x(q). Let k be (3/(-2))/((-3)/(-12)). Let j = k - -1. Calculate z(j).
8
Let f be (3 + -2)/(2/2). Let n(c) = -f + 2*c + 4*c - 4*c - c. Determine n(-6).
-7
Let o be 2*-1 + 6 + -2. Let v(y) = o - 1 + 8*y + 2*y. Give v(-1).
-9
Let s(t) be the third derivative of t**4/24 + 5*t**3/6 - 5*t**2. Determine s(-6).
-1
Let t(d) = 11*d**3 - d**2 + d. Let c(o) = -4*o + 25. Let p be c(6). Determine t(p).
11
Let d = 339 - 340. Let m(a) be the second derivative of -a**6/144 - a**4/12 + a. Let g(n) be the third derivative of m(n). What is g(d)?
5
Suppose -2*j = -3*v + 7, -3*v + 14 = 8*j - 3*j. Let m(t) = -2*t**2 + 3*t**2 + 3 - t**v - 7*t**2. Calculate m(-6).
3
Let l(h) = h**2 - 2*h + 1. Suppose d = 3, 0 = 2*r - 2*d - 3*d + 13. Determine l(r).
0
Let w(m) = m + 1. Let v(n) = n**2 + 6*n + 5. Let i be v(-3). What is w(i)?
-3
Let o(s) = s**3 + s**2 - s - 1. Suppose 0 = -5*x + x - a - 7, -5*x = -a + 2. What is o(x)?
0
Let k(z) = -z - 6. Let u be k(-8). Let m(y) = 6*y - 4*y - u*y + 1 + 2*y. Calculate m(-3).
-5
Let s = -5 + 18. Let x(b) = b**3 - 12*b**2 - 14*b + 14. Let j be x(s). Let n(k) = 5*k. Calculate n(j).
5
Let v(g) = 2*g + 8. Let m be 2 + -5 + (0 - 5). Determine v(m).
-8
Let w(i) = i + 8. Let j be w(-8). Let g(p) = p**3 + p. What is g(j)?
0
Let t(i) be the second derivative of -i**4/24 - 2*i**3/3 - 7*i**2/2 + 10*i. Let u(y) be the first derivative of t(y). Determine u(-4).
0
Suppose 2 = -2*t - 2, v - 2*t = 9. Suppose 2 + 3 = v*p. Let a(k) be the third derivative of -k**4/6 - k**3/6 + 2*k**2. Determine a(p).
-5
Let s(o) = o + 2*o**2 - 4*o**2 + o**2 - 2 - 3*o. Suppose -z - 14 = -3*z. Let c = -9 + z. Determine s(c).
-2
Let i be (0 - -1)*(-2 + 4). Suppose -w + i = 6. Let y(j) = 2*j + 1. 